0110100
-1002022100112 (base 3) to base 16
-8cd80
What is -1023414 (base 7) in base 14?
-3310b
What is 31330422 (base 5) in base 7?
2135663
1011100001011011000 (base 2) to base 14
9b848
What is -223420 (base 10) in base 16?
-368bc
12731b (base 12) to base 14
7c527
203502035 (base 7) to base 3
211112000001012
-591477 (base 10) to base 3
-1010001100120
Convert -2001100221000 (base 3) to base 9.
-2040830
2555563 (base 7) to base 10
333343
What is -494c9 (base 15) in base 5?
-24441324
What is -1020031220 (base 4) in base 7?
-2341226
12135 (base 15) to base 14
1701c
Convert 5203642 (base 7) to base 14.
123192
Convert -5d09a (base 14) to base 8.
-675060
Convert 2e8e (base 15) to base 3.
111202122
Convert 22322553 (base 6) to base 7.
5530530
What is -4b3824 (base 12) in base 5?
-303323123
Convert -1121201100101 (base 3) to base 2.
-11010010000100111001
Convert -149057 (base 10) to base 6.
-3110025
-16311267 (base 8) to base 11
-2147881
Convert -21cc95 (base 15) to base 10.
-1612715
What is -52181a (base 14) in base 13?
-75cc31
Convert e05a (base 15) to base 4.
23203213
What is 11ac3 (base 16) in base 7?
421020
Convert -20134362 (base 8) to base 6.
-230525134
6684 (base 16) to base 15
7b99
Convert -1a5aa38 (base 11) to base 15.
-488177
Convert 2ef79b (base 16) to base 7.
35106613
Convert 4aa41 (base 12) to base 7.
602353
What is -101011100010011100 (base 2) in base 16?
-2b89c
Convert 232665 (base 14) to base 10.
1197649
80691 (base 12) to base 13
5ac46
14583 (base 14) to base 13
19c98
What is -41316626 (base 8) in base 5?
-4220203010
-10e71 (base 16) to base 9
-114865
-10110010000000001101000 (base 2) to base 11
-3324303
41d0 (base 14) to base 6
124322
What is -21303012031 (base 4) in base 13?
-6bc19a
What is -400025 (base 8) in base 9?
-218738
-211211202012 (base 3) to base 15
-8d33e
What is -1111200202210 (base 3) in base 14?
-16bca7
What is 3550a (base 12) in base 3?
10122012001
What is 30410120 (base 5) in base 15?
4d525
Convert 2552c (base 13) to base 6.
1251222
-1123141 (base 6) to base 7
-330214
Convert -52c194 (base 15) to base 14.
-7476c5
Convert -261602 (base 10) to base 3.
-111021211222
43116551 (base 7) to base 3
20220101110112
What is -1331021032 (base 4) in base 13?
-14c410
Convert -a980bb (base 12) to base 2.
-1010010000011110001111
What is -1110000101000101011 (base 2) in base 13?
-131cbb
What is 34cda (base 14) in base 12?
62628
-13954 (base 13) to base 15
-ad47
-38911 (base 11) to base 9
-84327
Convert -323614 (base 7) to base 5.
-3302212
20c55 (base 15) to base 2
11001011001011110
-14453627 (base 8) to base 6
-154414103
What is -456331 (base 9) in base 13?
-97729
-100210020012200 (base 3) to base 12
-18a98b3
Convert -31002032102 (base 4) to base 6.
-201123202
Convert 296eaa (base 16) to base 2.
1010010110111010101010
Convert 110100000101111110011 (base 2) to base 12.
6a3a17
35422211 (base 6) to base 5
240413140
Convert -42b79 (base 16) to base 5.
-32221043
What is -233211003 (base 4) in base 11?
-123467
Convert -206617 (base 10) to base 8.
-623431
What is 1be5e (base 16) in base 10?
114270
What is 17a743 (base 11) in base 6?
5541502
What is 542283 (base 9) in base 4?
1032321300
What is 86443a (base 12) in base 13?
5941a5
167623 (base 12) to base 6
12140043
-550411244 (base 6) to base 10
-9830476
What is 385611 (base 12) in base 3?
1201211121111
What is -2c5fb6 (base 16) in base 9?
-5422126
2a192 (base 11) to base 13
16645
What is 102303154 (base 6) in base 11?
1018103
-21252120 (base 6) to base 8
-2314460
Convert 56513454 (base 7) to base 16.
4af0cd
What is -2031155 (base 6) in base 16?
-17ccf
What is 10596e0 (base 16) in base 3?
1012020222111012
Convert 1e7bf6 (base 16) to base 12.
804186
What is 1867398 (base 14) in base 7?
204462051
What is 8773a3 (base 11) in base 5?
324310223
42539a9 (base 12) to base 3
212121200221210
580a2 (base 11) to base 12
40711
What is 10001100110101110 (base 2) in base 10?
72110
1022112020 (base 4) to base 5
34221040
What is -841882 (base 9) in base 3?
-221101222202
-525b2a (base 12) to base 10
-1295890
What is -4ca0d6 (base 15) in base 13?
-9ba6c3
-1301322 (base 6) to base 9
-116415
Convert 10111100010000110101111 (base 2) to base 8.
27420657
What is -152625 (base 8) in base 15?
-11302
Convert 4246430 (base 7) to base 15.
a2dae
What is -4022161 (base 7) in base 4?
-1310100100
Convert -130838 (base 10) to base 5.
-13141323
-16912 (base 14) to base 8
-156524
What is -3334610 (base 7) in base 16?
-64a54
Convert 91770 (base 10) to base 14.
25630
What is 621224 (base 7) in base 15?
21688
Convert 246657 (base 10) to base 5.
30343112
930866 (base 10) to base 11
586412
What is 10131003101 (base 4) in base 7?
12631664
30346131 (base 8) to base 10
6409305
-1362504 (base 11) to base 6
-122140155
What is -33066701 (base 8) in base 7?
-114254105
What is 11010100010001110001010 (base 2) in base 9?
14071643
What is 7716313 (base 10) in base 13?
17a2287
Convert -595b51 (base 12) to base 4.
-11133310231
100100101010000101 (base 2) to base 12
72a85
What is -1360361 (base 8) in base 7?
-3163136
19846 (base 12) to base 16
9276
What is -133376 (base 9) in base 11?
-56037
What is 57b174 (base 12) in base 16?
157e28
Convert -1321718 (base 9) to base 2.
-10110000100001001111
Convert 1020012121 (base 5) to base 4.
20003031032
What is -1000032121 (base 4) in base 2?
-1000000001110011001
5104042 (base 7) to base 13
183064
2696302 (base 11) to base 16
46f24c
Convert 5330 (base 10) to base 2.
1010011010010
Convert 10724125 (base 8) to base 6.
122030433
What is -529058 (base 10) in base 15?
-a6b58
-731442 (base 9) to base 15
-88962
Convert -21122101222 (base 3) to base 14.
-3cb9c
1794399 (base 13) to base 4
131112000222
49475 (base 13) to base 14
3719b
5c87b (base 16) to base 2
1011100100001111011
1300102314 (base 5) to base 2
1011111011110010001011
163452 (base 10) to base 2
100111111001111100
Convert 422043234 (base 5) to base 11.
a98016
Convert 14786054 (base 9) to base 8.
34114053
Convert 2454611 (base 7) to base 11.
1a662a
What is -2a19b (base 14) in base 5?
-11321410
11000001100111100 (base 2) to base 15
1e58c
What is 3d3b1 (base 16) in base 12?
101181
Convert 10a6152 (base 12) to base 13.
882413
-1604629 (base 12) to base 7
-53065002
What is 965321 (base 13) in base 10?
3524522
Convert -89ea (base 15) to base 13.
-10408
What is -1429a (base 14) in base 15?
-ebd0
-2bdd14 (base 14) to base 13
-41a465
What is 640170 (base 15) in base 10?
4759080
What is 101002002201121 (base 3) in base 13?
11569ba
What is 1df0eb (base 16) in base 4?
13133003223
What is -14024511 (base 7) in base 15?
-1aa546
1405403 (base 8) to base 6
12253255
-210102120 (base 4) to base 8
-442230
Convert 31462 (base 8) to base 4.
3030302
Convert 353375 (base 12) to base 3.
1121111001022
Convert -35a28 (base 11) to base 9.
-78065
Convert -32231240 (base 5) to base 6.
-5512133
What is 52a37 (base 12) in base 11?
74675
-4778803 (base 9) to base 8
-11705435
386c950 (base 13) to base 6
1430145211
84373 (base 11) to base 4
132000033
6820436 (base 9) to base 5
1420041032
Convert 82121a (base 12) to base 14.
3ad458
-51856 (base 11) to base 2
-10010011100101101
What is -23479 (base 16) in base 12?
-6b761
Convert 95ca4 (base 15) to base 4.
1310003122
-483528a (base 11) to base 14
-1194786
What is 8bba3b (base 13) in base 6?
154542010
112544330 (base 8) to base 11
10064670
What is 122012430 (base 5) in base 7?
4631245
Convert -11121300130 (base 4) to base 16.
-159c1c
Convert 111605 (base 8) to base 4.
21032011
What is -31043242 (base 5) in base 8?
-756023
What is -34002011 (base 5) in base 13?
-a5323
What is -55903 (base 12) in base 16?
-1bbd3
Convert 3059256 (base 10) to base 7.
35001054
243246 (base 10) to base 13
86943
-3323113233 (base 5) to base 13
-166599c
What is -4622757 (base 8) in base 3?
-2100202101121
-48b483 (base 14) to base 6
-125210231
-1204303223 (base 6) to base 16
-d03eff
What is 189937 (base 10) in base 5?
22034222
23292a4 (base 11) to base 5
2020133032
Convert -360704 (base 9) to base 14.
-59180
-15a617 (base 11) to base 4
-330213312
Convert -6bb55 (base 16) to base 14.
-b6ac5
What is -128907 (base 10) in base 8?
-373613
What is a03538 (base 13) in base 6?
211424045
What is 170350 (base 11) in base 12?
108904
-234577 (base 10) to base 7
-1664620
